ommon factor of l and q.
21
Let q = -11528 + 13175. Calculate the greatest common factor of q and 135.
27
Suppose 17*i = -9*i - 78*i + 2080. What is the greatest common factor of 860 and i?
20
Let f(w) = 66*w. Let t = 44 + -35. Suppose -t = -2*p - 3. Let s be f(p). What is the greatest common divisor of 18 and s?
18
Let b(z) = -z**2 + 10*z - 24. Let n be b(4). Let d be (n - (-1653)/6) + 5/(-10). What is the highest common divisor of 110 and d?
55
Suppose 344*g - 342*g = 1620. Calculate the highest common divisor of g and 990.
90
Suppose -3*i = -5*b + 12, 2*b = 5*b + 4*i - 13. Let s be -1*(6 + -12 + 5)*129. Calculate the highest common factor of s and b.
3
Suppose -127*x - 3256 = -138*x. Calculate the greatest common divisor of 24 and x.
8
Suppose 18909 + 33579 = 54*i. What is the highest common factor of i and 156?
12
Let s = 27303 - 27295. Calculate the highest common divisor of s and 3588.
4
Let j(m) = -31*m**3 - 6*m**2 - 19*m - 21. Let d be j(-4). Calculate the highest common divisor of d and 319.
29
Suppose 0 = -2*q - d - 14, 5*q + d + 38 = -0*d. Let m be (1 - 4)/(-1) - 13. Let k be q/m + (-52)/(-10). What is the greatest common divisor of 30 and k?
6
Suppose -40*h + 30*h = -40. Suppose -h*o = 5*f - 4*f - 18, 0 = -o - 2*f + 8. Calculate the greatest common divisor of o and 32.
4
Let x(z) = 23*z**2 - 64*z - 247. Let q be x(-5). Let w(g) = -g + 81. Let h be w(0). What is the greatest common factor of h and q?
81
Suppose -48*m + 38 + 2266 = 0. What is the greatest common factor of m and 2928?
48
Let v be ((-1837)/99 + 13)/(3*2/(-54)). Calculate the highest common divisor of 31925 and v.
25
Let p = -900 - -460. Let q = -233 - p. What is the highest common divisor of q and 9?
9
Let f = -1850 - -2018. What is the highest common divisor of 1128 and f?
24
Let i(d) = 848*d**2 + 6*d - 12. Let b be i(2). What is the greatest common factor of 53 and b?
53
Let i = 11 - -61. Let l = -44 + i. What is the greatest common divisor of 224 and l?
28
Let l(x) be the first derivative of -x**4/4 - 2*x**3/3 - x**2/2 + 15*x + 5. Let u be l(0). Let g = 2 + u. What is the highest common divisor of 17 and g?
17
Suppose h + 332 = 4*a - 557, 4*a - 874 = -2*h. Let r = 151 - 66. What is the highest common factor of a and r?
17
Let r = 10095 + -7017. What is the greatest common factor of r and 12?
6
Let i(m) = 12*m**2 - 64*m + 64. Let r be i(1). What is the highest common divisor of r and 356?
4
Let w = 336 - 61. Let n(r) = r**2 + 524*r - 5318. Let u be n(10). Calculate the highest common divisor of w and u.
11
Let r(z) be the first derivative of z**2/2 + 9*z - 106. Let q(k) = -k. Let d be q(6). Let w be r(d). What is the highest common factor of 9 and w?
3
Suppose 0 = -4*l - 5 + 13. Suppose 3*z - d = 18, 3*z + d - 30 = -l*z. Let i be (z/8*6)/(9/84). What is the highest common factor of i and 336?
42
Let b(g) = 209*g**2 - 4*g + 5. Let q be b(2). What is the greatest common factor of q and 34?
17
Let h = 29 - 20. Suppose 0 = 3*b - 3*t + 465, 337 = -2*b - 3*t + 7. Let c = -132 - b. Calculate the greatest common factor of c and h.
9
Suppose 0 = 3*k + 19*p - 15*p - 15, -4*p = 0. Suppose 350 = k*s - 4*a, 109 + 31 = 2*s - 5*a. What is the highest common divisor of 126 and s?
14
Suppose -316 + 30 = -2*t. Let c(f) = -f**3 - 6*f**2 - 3*f - 7. Suppose 0 = -2*n - 0 - 12. Let g be c(n). What is the greatest common factor of t and g?
11
Suppose 19*b = 65*b - 53176. Calculate the highest common divisor of 1700 and b.
68
Let l = 520 - 477. Suppose 37*o + 360 = l*o. Suppose 4*s = -p + 45, -2*p + 75 = 3*s - 15. What is the greatest common factor of p and o?
15
Let k = 534 + -902. Let z = -275 - k. What is the greatest common factor of z and 3?
3
Let o(p) = 10*p**3 - 139*p**2 - 10*p - 43. Let r be o(14). Let x = 10 + 3. Calculate the highest common factor of r and x.
13
Let x(v) = 8*v - 56. Let s be x(9). Suppose 8*l = 3*l - 670. Let g = 246 + l. What is the highest common factor of g and s?
16
Suppose -3*c = c - 16. Let a(j) = 29*j - 8*j**2 - 8*j**2 - 8*j**3 - c + 9*j**3. Let p be a(14). Calculate the greatest common divisor of 2 and p.
2
Suppose 5*k = 5*l - 3020, l + 3*k - 820 = -196. Calculate the greatest common divisor of l and 231.
21
Let q be 27/(-6)*-40*(-17)/(-102). Let l(m) = -m**2 - 5*m - 4. Let t be l(-3). Let z be (-61 + 1)/(t/(-11)). What is the greatest common factor of q and z?
30
Suppose 5*u + 3*m = 4*u + 1216, -2*u + 3*m + 2468 = 0. Suppose 2*g - u - 326 = 0. Let i be (6/9)/(14/g). Calculate the highest common factor of 333 and i.
37
Let v = -105 - -29. Let x = 118 + v. What is the greatest common divisor of 70 and x?
14
Suppose -d + 67 = 4*o, -3*d - 33 = -3*o + 2*d. Let j be -2 - (4*-3)/2. Suppose -16 = j*z, 101 = x + 4*z - 11. What is the highest common factor of o and x?
16
Suppose 0 = -8*b + 12*b - 224. Suppose 2*c - 3*d - 35 = 4, -3*c + 4*d + b = 0. Calculate the highest common divisor of c and 6.
6
Let q(n) = 18*n**3 - 125*n**2 + 34*n - 20. Let b be q(7). Calculate the highest common divisor of b and 5251.
89
Let x be ((-456)/(-133) + 12)*((-22)/(-4) + -2). What is the greatest common divisor of 1071 and x?
9
Let v(s) = 4*s**2 + 2. Suppose 4*d + 3 = 23, -31 = -q - 5*d. Let i be 3*q/(-27)*3. Let h be v(i). What is the highest common divisor of 45 and h?
9
Let y(c) = -c + 8. Let w be y(3). Let l(m) = 5*m + 13. Let f be l(w). Let o = f - 27. What is the greatest common divisor of 121 and o?
11
Let g be 0 + -2 - ((-2)/3 + (-368)/69). What is the greatest common factor of g and 3764?
4
Let d be (-48)/42 + 350304/168. What is the greatest common divisor of 4 and d?
4
Let v(u) = 15*u - 32. Suppose 2*o - 33 = -5*z, -o + 2*z - 21 = -3*z. Let l be v(o). Calculate the greatest common divisor of l and 35.
7
Let f be -9 - -1 - (-2 - 6405 - -5). What is the greatest common divisor of f and 184?
46
Let x be -11*6474/(-143) + -13*1. What is the greatest common divisor of 679 and x?
97
Suppose 18*p = 11*p - 672. Let o = -26 - p. What is the greatest common factor of o and 98?
14
Let s(o) = o**3 - 11 + 5*o**2 - 14*o - 9 - 14*o. Let q be s(-8). Calculate the greatest common factor of 9 and q.
3
Let s(c) = 30*c + 3. Let y be s(-3). Let a = -48 - y. Let t = 942 + -890. What is the greatest common factor of t and a?
13
Suppose -24847*b = -24790*b - 1938. Let x be 17/((0 + -1)*-1). What is the greatest common factor of b and x?
17
Suppose -n - 37537 = -5*b + 18693, -11225 = -b - 4*n. Calculate the highest common factor of 65 and b.
65
Let p(a) = -37*a**2 + 826*a - 45. Let y be p(21). What is the greatest common divisor of 1722 and y?
246
Let c(r) = 63*r**3 + 4*r - 3. Let g be c(2). Suppose -167 = 3*v - g. Suppose 0 = -63*k + 60*k + v. Calculate the greatest common divisor of 76 and k.
38
Suppose 3*t - 360 - 234 = 0. Let h(u) = -u**2 + 4*u - 15. Let s be h(3). Let k be (-213)/s + 1 + (-6)/8. What is the greatest common divisor of k and t?
18
Let s(o) = o**2 + 93*o + 568. Let j be s(-87). What is the highest common factor of 7958 and j?
46
Suppose w - 20 - 10 = 0. Let r be (60/14)/(52170/(-1316) + 40). What is the highest common factor of w and r?
6
Suppose -y = -5 - 19. Let v = 33 - y. Let m be 144*(-4 - 9/(-2)). What is the highest common factor of v and m?
9
Let t(v) = 329*v**2 - 39*v + 63. Let i be t(3). Calculate the highest common factor of i and 38.
19
Let h(j) = -j**3 - 8*j**2 - 2*j - 80. Let y be h(-11). Calculate the greatest common divisor of 549 and y.
61
Let x(f) = -14*f + 1466. Let c be x(104). Suppose 4*s - 6 - 2 = 0. Suppose 2*k = -5*j, -3*k - s*j = 3*j - 10. What is the highest common divisor of c and k?
10
Suppose -l + 3*t + 0*t = -16, 3*l - 5*t = 28. Let r be 5 + l + 118 - (-2 + -2). What is the greatest common divisor of 48 and r?
16
Suppose -63*y + 1501 = -2909. What is the highest common factor of 100 and y?
10
Suppose 4*n - 1267 - 1001 = 0. Suppose 307*v - 1674 = 4773. What is the greatest common factor of v and n?
21
Let q(g) = 39*g**2 - 54*g - 669. Let l be q(-9). Calculate the greatest common divisor of 12 and l.
12
Let b(w) = 25*w - 330. Let z be b(14). Calculate the greatest common divisor of z and 2740.
20
Let d = -15827 - -16009. What is the greatest common factor of d and 338?
26
Suppose -16*h - 316 = 68. Let m be (1 - 2)/(1/(-15)). Let w be 2/5 - h/m. Wh